91*s - 125. Calculate l(115).
-10
Let y(s) = -32*s - 21. Calculate y(-4).
107
Let r(m) = m**3 + m**2 - 3*m - 250. Determine r(0).
-250
Let t(p) = -238*p + 57587. What is t(242)?
-9
Let a(l) = -2*l**2 - 96*l + 145. Calculate a(-52).
-271
Let n(f) = f**3 - 43*f**2 + 370*f + 43. What is n(31)?
-19
Let l(u) = 4*u + 19. What is l(-32)?
-109
Let i(j) = -876*j**2 - 8761*j + 8. Give i(-10).
18
Let w(g) = 16*g**2 + 1041*g - 955. Give w(-66).
35
Let q(l) = -5*l**2 + 20*l + 352. What is q(12)?
-128
Let d(j) = j**3 - 13*j**2 - 114*j + 11. Calculate d(19).
11
Let f(x) = x**2 + 251*x - 4839. Give f(18).
3
Let n(d) = -27*d + 608. Give n(14).
230
Let p(g) = g**2 - 10*g + 1. Calculate p(12).
25
Let i(b) = 5*b - 78. Give i(12).
-18
Let b(t) = 8*t**3 + 72*t**2 + 5*t + 23. Give b(-9).
-22
Let p(j) = -4*j**2 - 859*j + 1717. Calculate p(2).
-17
Let v(m) = -m**2 - 176*m - 2588. Calculate v(-18).
256
Let d(h) = -706*h + 9127. Calculate d(13).
-51
Let m(u) = -110*u**3 + 5*u**2 - 5*u - 11. What is m(-1)?
109
Let b(q) = q**2 + 43*q - 232. Calculate b(5).
8
Let c(u) = -2*u**3 - 24*u**2 + 64*u + 88. What is c(-14)?
-24
Let i(k) = -5*k**3 + 5*k**2 - k - 6. What is i(4)?
-250
Let d(i) = 4*i**2 - 219*i + 65. Determine d(54).
-97
Let s(y) = -2*y**3 - 3*y**2 + 17*y - 24. What is s(2)?
-18
Let f(v) = 9*v**2 - v + 14. Calculate f(3).
92
Let k(c) = -c**3 - 8*c**2 + 8*c + 8. What is k(-10)?
128
Let z(g) = -g**2 - 32*g + 325. Determine z(-40).
5
Let o(q) = 2*q**3 + 22*q**2 + 23*q + 236. Determine o(-11).
-17
Let w(u) = 11*u**2 - 266*u + 31. Give w(24).
-17
Let z(v) = v**3 - 3*v**2 - 13*v + 38. Determine z(4).
2
Let n(x) = -183*x - 8236. Determine n(-45).
-1
Let m(z) = -4*z + 17. Calculate m(0).
17
Let s(i) = 25*i**3 + 99*i**2 + 24*i - 3. Calculate s(-4).
-115
Let t(u) = -952*u - 2872. What is t(-3)?
-16
Let k(m) = -2*m**3 - 15*m**2 + 22*m + 82. What is k(-7)?
-121
Let k(w) = w**3 - 14*w**2 + 155*w - 1026. Determine k(10).
124
Let y(w) = 2*w**2 - 83*w + 153. Determine y(33).
-408
Let t(x) = 7*x**2 + 13*x + 11. Determine t(3).
113
Let f(s) = -6*s**2 + 117*s - 106. Calculate f(20).
-166
Let h(d) = d**3 + 4*d**2 - 24*d - 19. Determine h(-7).
2
Let i(o) = o**2 + 156*o + 606. Calculate i(-4).
-2
Let c(a) = 2*a**2 + 203*a + 2146. What is c(-12)?
-2
Let h(v) = v**2 - 114*v + 2814. Determine h(78).
6
Let z(a) = -a**2 - 28*a + 2. Give z(-3).
77
Let g(d) = -3*d - 100. What is g(-42)?
26
Let t(p) = -2*p**3 + 45*p**2 - 220*p + 126. What is t(16)?
-66
Let d(f) = 23*f**3 + 10*f**2 + 4*f + 2. Calculate d(-1).
-15
Let i(p) = -p**2 - 28*p + 1295. What is i(-61)?
-718
Let l(r) = 40*r + 1463. Calculate l(-42).
-217
Let c(h) = -14*h**2 + 47*h - 182. Determine c(5).
-297
Let s(i) = 12*i - 226. Calculate s(25).
74
Let i(g) = 1688*g - 1678. Determine i(1).
10
Let w(r) = 2*r**2 - 110*r - 159. Give w(56).
-47
Let x(a) = 47*a + 200. Calculate x(-3).
59
Let d(j) = -3*j**2 + 166*j + 443. What is d(58)?
-21
Let m(d) = d**3 - 230*d**2 + 11855*d + 70. What is m(78)?
-8
Let k(h) = 5*h**3 + 6*h**2 + 6*h - 13. Give k(-4).
-261
Let g(n) = n**3 + 10*n**2 + 6*n - 25. Give g(-6).
83
Let g(v) = 2*v**2 + 27*v + 87. Determine g(-6).
-3
Let c(s) = -167*s + 164. Calculate c(1).
-3
Let r(w) = -203*w - 31053. Calculate r(-153).
6
Let a(k) = -k**3 - 25*k**2 + 206*k + 4106. Calculate a(-27).
2
Let n(z) = 4*z**2 + 37*z + 53. Calculate n(-24).
1469
Let o(b) = 24*b**2 - 41*b + 19. Determine o(1).
2
Let p(c) = -10*c**2 - 34*c + 1124. What is p(9)?
8
Let j(q) = 18*q**2 - 313*q - 10. Calculate j(17).
-129
Let z(y) = y**3 + 35*y**2 - 452*y - 87. What is z(-45)?
3
Let i(y) = -84*y - 2479. Determine i(-30).
41
Let m(y) = -y**2 + 38*y + 211. Calculate m(44).
-53
Let n(d) = -177*d + 14507. Give n(82).
-7
Let y(g) = 4*g**2 - 8*g - 16. Give y(-7).
236
Let a(c) = -58*c**3 + 2*c**2 - 5*c - 19. Give a(-2).
463
Let x(f) = -f**3 + 28*f**2 + 133*f + 14. Calculate x(32).
174
Let a(z) = 2*z**2 - 74*z - 18. What is a(37)?
-18
Let q(o) = -18*o - 139. Calculate q(-8).
5
Let a(j) = -36*j**2 - 161*j - 89. Determine a(-4).
-21
Let a(v) = v**2 + 22*v - 11. Give a(-23).
12
Let j(m) = -126*m + 420. Calculate j(10).
-840
Let h(m) = m**3 + 127*m**2 + 517*m + 3050. What is h(-123)?
-25
Let u(t) = 17*t + 79. Determine u(5).
164
Let h(b) = b**3 - 17*b**2 - 3*b - 666. Calculate h(19).
-1
Let m(b) = 94*b + 187. Calculate m(0).
187
Let c(k) = 3*k**2 + 29*k + 71. Calculate c(-5).
1
Let o(r) = 9*r**2 - 10*r - 48. Give o(-2).
8
Let z(t) = -t**3 + 102*t**2 - 460*t - 2412. Give z(97).
13
Let z(t) = -2*t**3 - 90*t**2 + 3*t + 167. Determine z(-45).
32
Let i(g) = 126*g - 1382. What is i(11)?
4
Let i(a) = -a**3 - 15*a**2 - 5*a + 60. What is i(-8)?
-348
Let s(m) = m**3 - 76*m - 14. Determine s(-9).
-59
Let v(s) = -s**2 - 30*s + 378. Determine v(10).
-22
Let l(q) = -162*q - 612. Give l(-4).
36
Let v(q) = -5*q - 81. Determine v(-7).
-46
Let v(i) = 25*i - 220. What is v(-42)?
-1270
Let p(t) = 192*t**3 + 3*t**2 + 14*t - 16. Calculate p(1).
193
Let q(m) = 2*m**2 + 208*m + 407. Determine q(-2).
-1
Let q(w) = -w**3 - 35*w**2 - 12*w - 428. Calculate q(-35).
-8
Let g(k) = 7*k**2 + 9*k + 20. Give g(-5).
150
Let u(f) = f**3 + 14*f**2 - 18*f + 92. What is u(-15)?
137
Let l(v) = -34*v + 133. Determine l(-1).
167
Let b(g) = 192*g - 30172. Determine b(157).
-28
Let c(v) = 65*v - 1509. What is c(23)?
-14
Let m(h) = 220*h**3 + 8*h**2 - 6*h - 3. What is m(1)?
219
Let k(u) = 882*u - 60844. Give k(69).
14
Let j(s) = s**3 - 8*s**2 + 14*s - 76. Calculate j(7).
-27
Let y(u) = -7436*u + 148710. Calculate y(20).
-10
Let u(h) = -207*h + 1223. What is u(6)?
-19
Let n(r) = -r**3 - 2*r**2 + 3*r - 9. Give n(-5).
51
Let c(s) = -271*s + 1055. Determine c(4).
-29
Let h(a) = a**2 + 22*a + 10. What is h(17)?
673
Let c(y) = 4*y**2 + 441*y + 85. Determine c(-110).
-25
Let y(b) = -2*b - 66. What is y(5)?
-76
Let k(i) = -i**3 + 15*i**2 + 15*i + 2. What is k(-6)?
668
Let u(c) = 4883*c - 9770. What is u(2)?
-4
Let d(q) = 3*q**2 - 2872*q - 20256. Determine d(-7).
-5
Let x(l) = l**2 - 38*l + 15. Give x(38).
15
Let d(f) = 9*f - 322. Calculate d(-20).
-502
Let v(g) = g**2 + 6491*g + 25964. Determine v(-4).
16
Let u(g) = g**2 - 14*g + 117. Give u(9).
72
Let n(o) = -244*o + 1390. What is n(6)?
-74
Let p(o) = 74*o + 515. Give p(-7).
-3
Let a(g) = 924*g - 27729. Calculate a(30).
-9
Let p(b) = b**2 + 59*b + 558. What is p(-15)?
-102
Let u(r) = r**2 + 2*r - 305. Give u(-19).
18
Let g(i) = 277*i + 22161. What is g(-80)?
1
Let c(h) = 2*h**3 + 3*h**2 - 13*h - 27. Calculate c(-3).
-15
Let t(i) = i**3 - 39*i**2 - 44*i + 131. What is t(40)?
-29
Let n(u) = -9*u**3 - 85*u**2 + 41*u - 91. Determine n(-10).
-1
Let r(a) = 30*a**2 - 248*a - 4. Calculate r(9).
194
Let l(u) = u + 222. Calculate l(-25).
197
Let g(d) = d**2 + 12*d - 5. What is g(7)?
128
Let o(m) = m**3 - 11*m**2 + 8*m + 58. Determine o(0).
58
Let t(d) = d**2 + 3*d - 38. Calculate t(10).
92
Let c(y) = y**3 + 3*y**2 - 20*y + 22. Calculate c(-8).
-138
Let m(v) = -6*v**2 - 74*v + 360. Determine m(-16).
8
Let l(b) = -24*b + 1184. Determine l(51).
-40
Let t(j) = -j**3 - 20*j**2 - 83*j - 14. Determine t(-6).
-20
Let w(n) = -3*n - 99. Determine w(16).
-147
Let h(s) = -5*s**2 + 88*s - 202. What is h(15)?
-7
Let w(y) = -2*y**2 - 97*y - 114. What is w(-41)?
501
Let r(m) = -2*m**2 - 93*m + 2847. Give r(21).
12
Let o(t) = -t**3 - 71*t**2 + 428*t - 2630. Determine o(-77).
-12
Let c(d) = d**3 + 32*d**2 - 8*d + 92. What is c(-32)?
348
Let r(q) = -2*q**2 - 438*q + 5058. What is r(11)?
-2
Let m(g) = 19*g + 488. Calculate m(-26).
-6
Let i(r) = 3*r**2 + 151*r + 936. Give i(-7).
26
Let p(i) = i**3 - 31*i**2 + 29*i + 1536. Calculate p(28).
-4
Let q(k) = -k**2 + 110*k + 824. Calculate q(-7).
5
Let m(j) = 98*j - 526. What is m(5)?
-36
Let l(v) = -857*v + 32. What is l(-1)?
889
Let f(b) = 26*b - 65. Give f(4).
39
Let n(f) = -f**3 - 38*f**2 - 36*f + 53. Calculate n(-37).
16
Let j(p) = p**3 - 26*p - 28. Calculate j(6).
32
Let h(f) = 44884*f + 269308. Determine h(-6).
4
Let p(x) = -x**2 - 6*x - 30. Give p(-3).
-21
Let w(t) = -t**3 - 32*t**2 + 13*t - 10. Give w(-32).
-426
Let z(a) = -a**2 + 39*a - 71. Determine z(0).
-71
Let h(v) = 8*v**3 + 122*v**2 + 123*v - 1. Determine h(-1).
-10
Let p(u) = u**2 + 24*u - 28. What is p(-13)?
-171
Let x(k) = -k**3 + 18*k**2 - 59*k + 470. Give x(16).
38
Let d(l) = 